s of 9463?
9463
List the prime factors of 44358.
2, 3, 7393
List the prime factors of 13180.
2, 5, 659
List the prime factors of 86194.
2, 71, 607
List the prime factors of 1268.
2, 317
List the prime factors of 2012.
2, 503
List the prime factors of 140.
2, 5, 7
List the prime factors of 2272.
2, 71
What are the prime factors of 614?
2, 307
List the prime factors of 28827.
3, 3203
What are the prime factors of 1463?
7, 11, 19
What are the prime factors of 2199?
3, 733
List the prime factors of 11614.
2, 5807
What are the prime factors of 57614?
2, 28807
What are the prime factors of 370?
2, 5, 37
List the prime factors of 51480.
2, 3, 5, 11, 13
List the prime factors of 369.
3, 41
What are the prime factors of 5223?
3, 1741
List the prime factors of 1211.
7, 173
List the prime factors of 55875.
3, 5, 149
What are the prime factors of 13055?
5, 7, 373
List the prime factors of 8151.
3, 11, 13, 19
List the prime factors of 17430.
2, 3, 5, 7, 83
List the prime factors of 2271.
3, 757
What are the prime factors of 4498?
2, 13, 173
List the prime factors of 1679.
23, 73
What are the prime factors of 65793?
3, 7, 13, 241
List the prime factors of 35457.
3, 53, 223
List the prime factors of 95.
5, 19
List the prime factors of 54499.
54499
List the prime factors of 756.
2, 3, 7
What are the prime factors of 18702?
2, 3, 1039
What are the prime factors of 4497?
3, 1499
What are the prime factors of 31721?
31721
What are the prime factors of 1855?
5, 7, 53
What are the prime factors of 7507?
7507
What are the prime factors of 900?
2, 3, 5
List the prime factors of 4212.
2, 3, 13
What are the prime factors of 2333?
2333
List the prime factors of 32612.
2, 31, 263
List the prime factors of 2084.
2, 521
List the prime factors of 8823.
3, 17, 173
What are the prime factors of 2420?
2, 5, 11
What are the prime factors of 16877?
7, 2411
What are the prime factors of 224?
2, 7
What are the prime factors of 1727?
11, 157
List the prime factors of 53111.
173, 307
What are the prime factors of 1225?
5, 7
What are the prime factors of 4433?
11, 13, 31
List the prime factors of 43660.
2, 5, 37, 59
What are the prime factors of 4869?
3, 541
List the prime factors of 2093.
7, 13, 23
List the prime factors of 700.
2, 5, 7
List the prime factors of 16544.
2, 11, 47
What are the prime factors of 56184?
2, 3, 2341
What are the prime factors of 43488?
2, 3, 151
List the prime factors of 2858.
2, 1429
List the prime factors of 1681.
41
List the prime factors of 6482.
2, 7, 463
What are the prime factors of 444?
2, 3, 37
What are the prime factors of 92388?
2, 3, 7699
What are the prime factors of 19894?
2, 7, 29
List the prime factors of 56364.
2, 3, 7, 11, 61
List the prime factors of 8894.
2, 4447
What are the prime factors of 8796?
2, 3, 733
List the prime factors of 81359.
81359
What are the prime factors of 2383?
2383
List the prime factors of 577.
577
List the prime factors of 1081.
23, 47
List the prime factors of 29179.
29179
List the prime factors of 40904.
2, 5113
List the prime factors of 4326.
2, 3, 7, 103
What are the prime factors of 7384?
2, 13, 71
List the prime factors of 149241.
3, 49747
List the prime factors of 18172.
2, 7, 11, 59
What are the prime factors of 19358?
2, 9679
What are the prime factors of 6216?
2, 3, 7, 37
List the prime factors of 8689.
8689
List the prime factors of 580.
2, 5, 29
What are the prime factors of 2079?
3, 7, 11
What are the prime factors of 1728?
2, 3
List the prime factors of 281.
281
List the prime factors of 566.
2, 283
What are the prime factors of 1794?
2, 3, 13, 23
List the prime factors of 6596.
2, 17, 97
What are the prime factors of 976?
2, 61
What are the prime factors of 6015?
3, 5, 401
What are the prime factors of 5151?
3, 17, 101
List the prime factors of 32378.
2, 16189
What are the prime factors of 4790?
2, 5, 479
What are the prime factors of 3834?
2, 3, 71
What are the prime factors of 54063?
3, 6007
List the prime factors of 42178.
2, 21089
What are the prime factors of 4552?
2, 569
List the prime factors of 519.
3, 173
What are the prime factors of 1600?
2, 5
List the prime factors of 13849.
11, 1259
List the prime factors of 5640.
2, 3, 5, 47
What are the prime factors of 22437?
3, 277
What are the prime factors of 613?
613
What are the prime factors of 1317?
3, 439
List the prime factors of 37681.
7, 769
What are the prime factors of 360?
2, 3, 5
What are the prime factors of 502?
2, 251
List the prime factors of 76980.
2, 3, 5, 1283
What are the prime factors of 39782?
2, 19891
List the prime factors of 1145.
5, 229
List the prime factors of 2060.
2, 5, 103
What are the prime factors of 704?
2, 11
What are the prime factors of 144?
2, 3
What are the prime factors of 40937?
13, 47, 67
List the prime factors of 3708.
2, 3, 103
What are the prime factors of 79334?
2, 39667
List the prime factors of 2571.
3, 857
List the prime factors of 1075.
5, 43
List the prime factors of 84409.
13, 43, 151
What are the prime factors of 9016?
2, 7, 23
What are the prime factors of 3393?
3, 13, 29
List the prime factors of 6813.
3, 757
List the prime factors of 53769.
3, 17923
List the prime factors of 1682.
2, 29
What are the prime factors of 2715?
3, 5, 181
What are the prime factors of 930?
2, 3, 5, 31
What are the prime factors of 1681?
41
List the prime factors of 40850.
2, 5, 19, 43
List the prime factors of 63945.
3, 5, 7, 29
List the prime factors of 8831.
8831
List the prime factors of 130.
2, 5, 13
What are the prime factors of 2060?
2, 5, 103
What are the prime factors of 30905?
5, 7, 883
List the prime factors of 608.
2, 19
List the prime factors of 3490.
2, 5, 349
What are the prime factors of 603?
3, 67
What are the prime factors of 1793?
11, 163
What are the prime factors of 13984?
2, 19, 23
What are the prime factors of 4891?
67, 73
List the prime factors of 1902.
2, 3, 317
What are the prime factors of 7367?
53, 139
List the prime factors of 4679.
4679
List the prime factors of 62634.
2, 3, 11, 13, 73
List the prime factors of 21217.
7, 433
List the prime factors of 47374.
2, 23687
What are the prime factors of 540?
2, 3, 5
List the prime factors of 22281.
3, 7, 1061
List the prime factors of 27564.
2, 3, 2297
List the prime factors of 933.
3, 311
What are the prime factors of 1770?
2, 3, 5, 59
What are the prime factors of 17187?
3, 17, 337
What are the prime factors of 24928?
2, 19, 41
List the prime factors of 556.
2, 139
List the prime factors of 5080.
2, 5, 127
List the prime factors of 523.
523
What are the prime factors of 4166?
2, 2083
What are the prime factors of 10667?
10667
What are the prime factors of 221?
13, 17
What are the prime factors of 92946?
2, 3, 7, 2213
What are the prime factors of 3570?
2, 3, 5, 7, 17
List the prime factors of 4000.
2, 5
List the prime factors of 44362.
2, 41, 541
What are the prime factors of 82047?
3, 7, 3907
What are the prime factors of 133?
7, 19
List the prime factors of 7274.
2, 3637
What are the prime factors of 8172?
2, 3, 227
What are the prime factors of 3259?
3259
List the prime factors of 1138.
2, 569
List the prime factors of 253.
11, 23
List the prime factors of 37691.
37691
List the prime factors of 33184.
2, 17, 61
List the prime factors of 34127.
34127
List the prime factors of 3787.
7, 541
List the prime factors of 11616.
2, 3, 11
List the prime factors of 87204.
2, 3, 13, 43
What are the prime factors of 1685?
5, 337
List the prime factors of 36152.
2, 4519
List the prime factors of 288.
2, 3
What are the prime factors of 2706?
2, 3, 11, 41
What are the prime factors of 52051?
52051
List the prime factors of 9679.
9679
What are the prime factors of 5263?
19, 277
List the prime factors of 867.
3, 17
List the prime factors of 705.
3, 5, 47
What are the prime factors of 28562?
2, 14281
List the prime factors of 769.
769
List the prime factors of 29281.
7, 47, 89
What are the prime factors of 10426?
2, 13, 401
List the prime factors of 354.
2, 3, 59
List the prime factors of 12017.
61, 197
What are the prime factors of 922?
2, 461
List the prime factors of 553.
7, 79
What are the prime factors of 37989?
3, 7, 67
What are the prime factors of 39202?
2, 17, 1153
List the prime factors of 4528.
2, 283
What are the prime factors of 17365?
5, 